 greatest common divisor of 103 and p.
103
Suppose 3*c + 119 + 346 = 0. Let l = -1408 - -1719. Let d = l + c. Calculate the highest common factor of 12 and d.
12
Let g be (-2)/(-5) + 746/10. Let l be (2/(-5))/((-3)/g). Let f(j) = 10*j**2 - 123*j + 384. Let r be f(8). What is the highest common factor of r and l?
10
Let u = 28097 + -26855. What is the greatest common factor of u and 342?
18
Suppose -919955 = -295*v - 71830. What is the greatest common divisor of v and 46?
23
Let y be ((-6)/5)/((-744)/287680). What is the greatest common divisor of 408 and y?
8
Suppose f = 4, -5*f - 23 + 210 = s. Let r = s + -107. Calculate the highest common divisor of r and 36.
12
Let i(m) = 253*m**2 - 33*m + 27. Let b be i(-7). What is the greatest common factor of 5 and b?
5
Let w be 13/2 + (-108)/216. Let o(c) be the first derivative of -3*c**2/2 - 3*c + 3. Let t be o(-5). What is the highest common factor of w and t?
6
Suppose -3*u = 5*r - 26, r - 2*r = -5*u - 22. Suppose -r*x - 3*x = -90. Calculate the highest common factor of x and 477.
9
Suppose 5*i - 2*o = 3*i - 4, 5*o + 2 = 2*i. Let q be (i/(-8))/((-7)/(-168)). What is the greatest common divisor of 108 and q?
12
Suppose -43*z + 1533 + 636 = -497. What is the highest common divisor of z and 5394?
62
Let o(b) be the first derivative of 7*b**4/2 + 2*b**3/3 - b**2 - 7*b + 36. Let z be o(-2). Let u = z + 172. What is the highest common divisor of u and 13?
13
Suppose 4*p + 52 = -4*j, 2*j - 6*j - 20 = 2*p. Suppose 4*f = 5 - 93. Let d = p - f. What is the greatest common factor of d and 3?
3
Let t(k) = 2*k + 6. Let h be t(5). Let r(d) = -101*d + 18. Let o be r(3). Let y = -109 - o. What is the highest common factor of y and h?
16
Let s(o) = -1 - 8 - o + 4*o + 3*o. Suppose g - 24 = -2*m - 6, 30 = 3*m + 3*g. Let l be s(m). What is the greatest common divisor of l and 26?
13
Suppose -3*q + 143*n - 141*n = -9829, 0 = 5*q + 3*n - 16388. Calculate the greatest common factor of 452 and q.
113
Suppose -6*q - 27 = -9*q. Let j(f) = -4*f + q*f**2 - 8 + 6*f**2 - 11*f**2. Let x be j(4). What is the greatest common factor of 5 and x?
5
Suppose 0*o - 3*o + 155 = 2*h, 0 = 4*h - 3*o - 265. Let r = h + -44. Let v = -137 - -267. Calculate the highest common factor of v and r.
26
Let y = 2024 - 2000. What is the greatest common factor of 3048 and y?
24
Suppose 0 = 30*x - 23*x - 17360. What is the highest common divisor of 80 and x?
80
Suppose -97 = -5*x - 2*z + 501, 5 = -5*z. Suppose -x = -5*b - 35. Suppose 29 = 3*k + b. Calculate the highest common factor of k and 16.
4
Suppose -286*h - 102000 + 244953 = -520853. Calculate the greatest common factor of 211 and h.
211
Let y = -4895 - -8231. What is the greatest common divisor of 24 and y?
24
Let t = -4 - -91. Let b(m) = -7*m + 23. Let k be b(-5). What is the greatest common factor of t and k?
29
Let y(z) = 6*z**2 + 9*z + 496. Let l be y(25). Calculate the greatest common divisor of 17 and l.
17
Suppose -113 = -3*u + 79. Suppose u + 21 = c. Calculate the greatest common divisor of c and 10.
5
Let l(w) = 11*w**2 - 4095*w + 16376. Let i be l(4). Let s = 293 - 164. Calculate the highest common factor of i and s.
43
Let k be (-12314)/3 + 90/54. Let c be 2/(-6) - k/33. What is the greatest common divisor of 93 and c?
31
Let x(k) = 136*k**3 - 2*k**2 + 17*k - 15. Let s be x(1). What is the highest common divisor of s and 6358?
34
Suppose -2*l + 4*p + 441 = p, 0 = -4*l - p + 917. What is the highest common divisor of 96 and l?
12
Let h = -291 - -663. Let j = h + -158. What is the highest common divisor of 749 and j?
107
Suppose 2*c = -119*u + 117*u + 40, -4*u - 10 = -c. Let s be 0 - -1*(2 + -1). Let n = s - -1. Calculate the highest common factor of n and c.
2
Let d = -5019 - -5029. What is the highest common factor of 395 and d?
5
Suppose 66 = -48*l + 54*l. Let i = 15 + -6. Suppose l*d - 18 = i*d. Calculate the greatest common divisor of d and 36.
9
Let c(w) = 110*w - 459. Let t be c(5). What is the highest common factor of 1365 and t?
91
Suppose 412*f = 800603 + 1282469. What is the greatest common factor of 395 and f?
79
Let v be (-26)/5*255/(-34). Let i(l) = -l**3 + 40*l**2 - 41*l + 90. Let k be i(v). Calculate the highest common factor of 102 and k.
6
Let a(c) = c**2 + 2*c - 3. Let h be -6 - 3/(18/(-66)). Let x be a(h). What is the highest common factor of x and 6?
2
Let u = 100 - 99. Let x(w) = 7*w**3 - 2*w**2 + 2*w. Let j be x(u). What is the highest common factor of j and 28?
7
Suppose -2*t + 13 + 31 = 0. Let p = -21034 - -21078. Calculate the highest common factor of t and p.
22
Suppose 0 = -5*p - t + 1714, 42*p - 5*t - 1348 = 38*p. What is the greatest common factor of 24 and p?
6
Suppose 0 = -4*m - 5*t + 822, 0 = -4*m + 4*t + 815 - 11. Calculate the highest common factor of m and 21.
7
Suppose 624 = 26*z + 9594. Let x = 350 + z. What is the greatest common factor of 305 and x?
5
Let p(s) = s**3 - 11*s**2 + 34*s - 19. Let g be p(6). Let r be ((-280)/60)/(2/(-15)). Calculate the greatest common factor of g and r.
5
Let x be (-480)/192 - (-1683)/(-2). Let g = x - -1044. Let y be (-1 + 0)/((-1)/25). Calculate the highest common divisor of g and y.
25
Let a be 945/(-70)*8/(-12). Suppose 5*x - v - 126 = -4*v, 3*x - 72 = -3*v. Suppose 3*q = 4*q - x. Calculate the highest common factor of q and a.
9
Let v(i) = 10*i - 31. Suppose 5*k - 179 = -2*o, 4*o - 175 = -k + 138. Let h = o + -73. Let w be v(h). What is the highest common factor of 18 and w?
9
Let p be 45/(-27) - (4/12 - 0). Let c be (1/1 - -5)/(p/(-3)). What is the greatest common divisor of c and 621?
9
Let g = 11048 - 5625. What is the greatest common factor of g and 116?
29
Let u be -132*(2/10 + (-65)/75). Suppose 0 = -4*g + 2*g + 44. Calculate the greatest common factor of u and g.
22
Suppose 0 = -377*g - 6322 + 29696. Let d(x) = 47*x - 3. Let l be d(6). Calculate the greatest common factor of l and g.
31
Let k be ((-41)/2)/((1/4)/((-99)/18)). Calculate the highest common divisor of 110 and k.
11
Let g = -24 - -36. Suppose -4*o - 5*u - 2 = 0, 0*o = 3*o - 4*u + 17. Let z be 24/(o/5 - 136/(-85)). What is the highest common factor of g and z?
12
Suppose -322 = -6*p + 1640. Suppose 0 = 8*u + p - 359. What is the highest common factor of u and 20?
4
Let m(g) = -g**3 - 38*g**2 + 173*g + 216. Let l be m(-42). Calculate the greatest common divisor of 3174 and l.
6
Let z = 224 + -44. Suppose -47 = 19*q - z. Calculate the highest common divisor of 84 and q.
7
Suppose -4*t + 310 = 2*o, -4*t - 397 = -5*o + 294. Calculate the highest common factor of 351 and o.
13
Let z be (-2 + 12)/(8/28). Let b be (243 + -249)/((4/(-42))/((-40)/(-36))). What is the highest common factor of z and b?
35
Let a = 3873 - 3785. Calculate the greatest common divisor of 187 and a.
11
Let j be (-463)/(-3) - (-2)/(-6). Let a be (14/70 + 44/30)*3. Suppose a*l + 3 + 2 = 0, -5*l - 33 = -2*y. Calculate the greatest common factor of y and j.
14
Suppose -6*m = -3*r + 54, 0 = r - 14*m + 16*m - 22. What is the greatest common factor of r and 8340?
20
Let l = -74 + 147. Let m = -15 + l. Suppose h - m = -3*w - 19, 2*w - 208 = -5*h. What is the greatest common divisor of h and 6?
6
Let p(y) be the third derivative of y**5/60 + 7*y**4/8 - 59*y**3/3 + 4*y**2 - 5*y. Let b be p(5). Calculate the greatest common divisor of b and 48.
12
Let y(g) = 2*g**3 + 2. Let d be y(2). Let o be (-12)/(-24) + (-1)/((-2)/111). Suppose 52 = 12*b - o. Calculate the highest common factor of d and b.
9
Let g be (-49 - -7)/(9/108)*-2. Calculate the greatest common factor of 357 and g.
21
Suppose -3*b + 9844 = -q, 4206 = -5*b + 4*q + 20622. What is the highest common factor of b and 80?
80
Let m be (-11)/((-110)/15)*2. Suppose -57 = -3*a + 5*w - 10*w, 33 = m*a - 3*w. Calculate the greatest common factor of 378 and a.
14
Let y(m) = -m - 6. Let p be (30/(-75))/((-2)/(-50)). Let v be y(p). Let h be (110*(-4)/v)/(-4 - -3). What is the highest common divisor of 44 and h?
22
Let y(v) = -v**2 - 30*v - 177. Let i be y(-8). Let j be 2335/10 + (i/(-2) - 0). Calculate the highest common factor of 54 and j.
18
Let y = 534 - 516. Suppose -47 + 857 = 5*l. What is the greatest common factor of y and l?
18
Let m = 58 - 1. Let p = -7511 - -7815. What is the greatest common divisor of p and m?
19
Let s be (289